= 0, -2*f - 454 = -5*p. Suppose -757*c - 2700 = -777*c. Calculate the greatest common divisor of c and p.
45
Let w = -70 - -73. Suppose -4*n - 5*d = -91 - 10, -4*n + 131 = -5*d. Calculate the greatest common factor of n and w.
1
Let x(i) = -7*i**3 + 53*i**2 - 21*i - 2. Let c be x(7). Calculate the highest common divisor of 8 and c.
1
Let f(a) = 48*a**2 - 2183*a - 25. Let t be f(47). Calculate the highest common factor of 26 and t.
26
Let m be 1164/45 + ((-246)/(-164))/(90/8). What is the highest common factor of 14339 and m?
13
Let w = -157 + 185. Let t = 5 - 6. Let u be 18 - 6*t/2. Calculate the greatest common factor of w and u.
7
Let l(q) = q**2 + 1 - 3*q + 0*q**2 - 40. Let f be l(9). Calculate the greatest common divisor of f and 45.
15
Let a = -608 - -948. What is the greatest common factor of 540 and a?
20
Let t(f) = -3*f - 22. Let x be t(-4). Let a be 5/(-2*x/8). Let y be (4 + 1)/(a/6). Calculate the highest common divisor of y and 5.
5
Let l be (2/(-22) + (8 - (-1309)/(-242)))*136. Calculate the highest common factor of 1564 and l.
68
Suppose 25*q - 22000 = -175*q. What is the greatest common divisor of 902 and q?
22
Let w = 1226 - 738. Suppose -9*t = -t - w. Suppose -t*p + 4 = -60*p. What is the highest common factor of 20 and p?
4
Let v(m) = 9*m**2 - 37*m + 280. Let j be v(7). Let o = j + -412. Calculate the highest common factor of o and 2.
2
Let i(z) = -4*z**2 - 134*z - 630. Let r be i(-7). Calculate the greatest common divisor of 2044 and r.
28
Suppose 3*v - 2*b - 50958 = 0, 2*v - 63*b + 67*b - 34020 = 0. Calculate the greatest common divisor of v and 96.
96
Let z(x) = 14*x + 4092. Let g be z(0). Calculate the greatest common divisor of g and 264.
132
Let x = -9628 - -10818. Calculate the greatest common divisor of x and 1715.
35
Suppose 4*q = -35*q - 234. Let v(g) = 6*g**2 + 27*g - 3. Let m be v(q). What is the greatest common divisor of m and 816?
51
Suppose -3*q - 3*p = 64 - 292, p = 3*q - 208. Suppose -806 + 71 = -5*l + 5*f, -l + 5*f = -167. Calculate the greatest common divisor of l and q.
71
Let y be 11/(-11)*(0 - 2). Suppose -x = -y, -3*x - 24 = -0*j + 5*j. Let h(b) = -19*b + 5. Let s be h(j). What is the highest common divisor of 17 and s?
17
Let a(n) = -n**2 - 6*n + 3. Let k be a(-3). Suppose -2*o + 14 - k = 0. Let t be (10 - 9)/(o/9). Calculate the highest common divisor of t and 99.
9
Let u = -11447 - -11657. What is the greatest common divisor of 1540 and u?
70
Let t(l) = 21*l**2 + 17*l + 169. Let c be t(-7). Calculate the highest common factor of c and 104.
13
Let u(p) = -56*p**3 - 9*p**2 + 15*p + 55. Let g be u(-6). What is the greatest common factor of g and 121?
121
Let y be (35/(-15))/((-7)/(6888/(-4))). Let k = y + 734. What is the greatest common divisor of 20 and k?
20
Let j = -1182 + 1465. Calculate the highest common divisor of j and 1.
1
Let k(g) be the second derivative of g**5/20 - 3*g**4/4 - 16*g**3/3 + 19*g**2 + 118*g. Let r be k(12). What is the greatest common factor of r and 4?
2
Suppose -2*h + 40 = 30. Let o be ((-9)/(9/38))/(h/(-20)). Calculate the greatest common factor of o and 19.
19
Let g be 2244/34 + (14 - -42). Let l = 655 + -228. Calculate the highest common divisor of l and g.
61
Let v(r) = 4*r**2. Suppose 4*k - 2*k + 4*p = -10, 11 = -5*k + 4*p. Let c be v(k). What is the highest common factor of c and 9?
9
Let t be (20/(-5) - (-9 - -3))*8. What is the highest common divisor of 4064 and t?
16
Let t(s) = 2*s**3 - 11*s**2 - 242*s + 1047. Let a be t(4). Let n(p) = 12*p**3 + 2*p**2 + p - 4. Let h be n(3). Calculate the highest common divisor of a and h.
31
Let a be (-4 - -3)/((145/(-160))/29). Calculate the highest common divisor of a and 1432.
8
Suppose -2*y + 5*y = -4*s + 267, -2*s + 431 = 5*y. Suppose 0 = -91*b + 74*b + 85. What is the highest common factor of b and y?
5
Let x(q) = q**2 + 6*q - 61. Let b be x(12). Let d = -115 + b. Suppose 0*f + 10 = 2*f. Calculate the highest common factor of f and d.
5
Suppose -5*r + 3*i = -3*r - 24, -3*r + 5*i + 34 = 0. Let t(w) = -19*w + 32. Let s be t(-20). Let h = 439 - s. Calculate the highest common divisor of h and r.
9
Suppose 16*r - 400 = 121 - 265. Calculate the highest common divisor of 676 and r.
4
Let y = -219 + 124. Let t = -87 - y. Suppose -4*i + 244 = 4*r, 0*i + 4*r = 2*i - 140. What is the greatest common divisor of i and t?
8
Let r be 36/14 + 21/49. Suppose 5*y + 104 = r*n + y, 5*n = y + 162. Let g be 48/((-2 + 3)/1). What is the greatest common divisor of g and n?
16
Suppose 0 = -d - a + 22, -85*d + 86*d + 5*a = 22. What is the greatest common factor of 682 and d?
22
Let z(q) = 5*q**2 + 47*q + 1824. Let b be z(-32). Calculate the highest common factor of 320 and b.
320
Let z(l) = -2*l**3 + 74*l**2 + 112. Let v be z(37). What is the highest common factor of v and 1148?
28
Let j(a) = -a**3 - 4*a**2 + 8*a - 1. Let g be j(-7). Suppose 0 = -9*n + 11*n - 240. What is the highest common factor of n and g?
30
Let j be (82 + (-49)/(-14))*-2*(-68 + 1). What is the highest common factor of 513 and j?
171
Suppose 3*p + 727 = -3*k + 3130, 4*k + 3*p - 3203 = 0. What is the highest common divisor of 1700 and k?
100
Suppose -2*i = -3*o + 895, 26*o + 4*i = 27*o - 285. Let t = 1168 - o. What is the highest common factor of 51 and t?
51
Suppose 3*j + v = -0*v + 121, -5*v + 20 = 0. Let i = 100 + -35. Calculate the greatest common factor of j and i.
13
Let g = -145 - -176. Suppose g*o - 16 = 29*o. Calculate the highest common divisor of o and 56.
8
Let c be 5/5 + 22/(264/2988). Calculate the greatest common divisor of 9375 and c.
125
Let i be -4 + (-624)/(-182) + (0 - 18768/(-14)). Calculate the highest common factor of 8308 and i.
268
Let i = 233 + -121. Let k(z) be the first derivative of 11*z**2 - 6*z + 8. Let j be k(1). What is the highest common divisor of j and i?
16
Let c(o) = o**3 + 4*o**2 - 7*o + 10. Let s be c(-5). Let g be 4/s + 69/5. Suppose g*n - 12*n = 42. Calculate the greatest common divisor of n and 84.
21
Let y be (-6)/12*-2*(-1 + 295). Suppose 7*t = t + y. Let v(z) = -z**3 - z**2 + 5*z + 4. Let o be v(-3). Calculate the highest common divisor of t and o.
7
Let p be 208/(0 - 16) + 16. Calculate the highest common divisor of 57 and p.
3
Let u be 633/15 + -5*20/(-125). Suppose -5*o + u = -k, o - 3*k = k + 20. Let y = -9 - -13. What is the highest common divisor of y and o?
4
Let v = -138 - -142. Suppose 5*m = 20*t - 16*t - 537, t = v*m + 137. Calculate the highest common factor of 38 and t.
19
Let o(p) = 307*p - 278. Let c be o(1). Calculate the highest common factor of c and 1247.
29
Let w be 1/(-2) - ((-189)/(-6))/9. Let v be 2 - -1 - (w - -11). Let s be (320/12)/((v/(-6))/2). Calculate the greatest common factor of 32 and s.
16
Suppose 18*n = 10*n - 48, -213 = -a - n. What is the highest common factor of 6789 and a?
219
Let d = 15433 - 13886. Calculate the greatest common divisor of 1428 and d.
119
Let n = -23 + 75. Suppose 63*l = 59*l + n. Suppose 0 = -k - l + 49. Calculate the greatest common factor of 12 and k.
12
Let o(g) = -g**3 + 11*g**2 + 18*g - 7. Let f be o(12). Let c = 53 + f. Calculate the highest common divisor of c and 2.
2
Suppose 0 = 28*t + 47*t - 1211 + 161. Suppose -2 = 4*c - 2*j, -2*j = 3*c + 4 - 20. Calculate the highest common divisor of c and t.
2
Suppose -43*r + 42 = 4*l - 38*r, 2*r + 102 = 5*l. Suppose 6*c - 270 = c. What is the greatest common factor of l and c?
18
Let g = 1933 + -801. Suppose -5*u + g = -2548. What is the highest common factor of u and 32?
32
Let z = 1371 - 1308. Let b be (-6 - z/(-14))/((-3)/4). Let l(p) = p**3 - 3*p**2 + 4*p - 4. Let f be l(3). What is the greatest common factor of b and f?
2
Let p = -46 - -62. Suppose 22*q = p*q - 36. Let y be -2 + q/(-4) - 270/(-20). What is the greatest common divisor of y and 117?
13
Let q be 6965 + (-1 + -4 - 48/(-80)*5). What is the highest common divisor of q and 33?
33
Let b be 130310/2041 - (-4)/26. Suppose -8*k - 141 = 3*w - 4*k, 0 = 2*w - 5*k + 94. Let m = w + b. What is the greatest common divisor of 17 and m?
17
Suppose 7*y - 3280 = 4091. What is the highest common divisor of 81 and y?
81
Suppose -1872 - 2038 = -17*u. What is the greatest common factor of 2438 and u?
46
Suppose 20*l = -2*t + 23*l + 15126, -8 = 2*l. Calculate the greatest common d